Give o(11).
-24
Let a(v) = -v**2 - 13*v + 334. Determine a(-26).
-4
Let y(l) = -2*l + 11. Determine y(-10).
31
Let w(k) = -k + 34. Calculate w(13).
21
Let b(f) = -f**3 + 7*f**2 - 4*f - 12. Give b(6).
0
Let c(n) = 3*n**2 + 5*n - 3. Give c(-4).
25
Let i(h) = -5*h**2 - 6*h - 4. Give i(-4).
-60
Let l(b) = -13*b - 4. Calculate l(-3).
35
Let j(k) = k**3 + k**2 - 3*k - 1. Give j(3).
26
Let t(k) = -2*k + 5. Give t(-2).
9
Let i(b) = b**2 + b + 2. What is i(3)?
14
Let a(o) = -2*o - 22. Calculate a(-13).
4
Let d(m) = -m**3 - 4*m**2 + 2*m. Determine d(-4).
-8
Let b(q) = -16*q - 433. Calculate b(-27).
-1
Let t(x) = -x**2 - 3*x + 1. Determine t(-6).
-17
Let x(k) = 3*k**3 - 5*k**2 + 4*k + 4. Calculate x(3).
52
Let p(z) = -6*z + 5. Give p(3).
-13
Let f(h) = -h**2 + 19*h - 106. What is f(9)?
-16
Let o(b) = -b**3 - 5*b**2 + 23*b - 6. What is o(-8)?
2
Let t(d) = 75*d**3 + 2*d + 3. Give t(-1).
-74
Let t(v) = v**3 + 63. Determine t(0).
63
Let g(y) = -y**3 + 5*y**2 + y + 14. What is g(5)?
19
Let p(v) = v**3 + 4*v**2 - 7*v. Determine p(-6).
-30
Let h(w) = 5*w + 11. Determine h(-2).
1
Let r(f) = -3*f - 7. Calculate r(6).
-25
Let c(a) = -a**3 + 3*a - 8. What is c(-3)?
10
Let s(y) = y**3 - 16*y**2 - 15*y - 20. Determine s(17).
14
Let t(g) = 3*g**3 + 43*g**2 + 12*g - 33. Give t(-14).
-5
Let o(w) = w**2 + w + 6. Determine o(-5).
26
Let h(x) = -x**3 - 5*x**2 - 4. Give h(-7).
94
Let z(i) = -i**2 - 14*i - 9. Calculate z(-13).
4
Let p(n) = 40*n**2 + 12*n - 11. Calculate p(1).
41
Let a(s) = -s**3 - 14*s**2 + s + 8. What is a(-14)?
-6
Let a(i) = 124*i - 740. Calculate a(6).
4
Let o(q) = 2*q - 6. What is o(5)?
4
Let o(w) = w**2 + w - 6. Calculate o(5).
24
Let v(c) = 3*c + 10. Give v(-6).
-8
Let k(m) = m + 24. Give k(7).
31
Let i(o) = -o**3 + 11*o**2 + 42*o + 6. Determine i(14).
6
Let b(k) = -k**2 - 14*k + 1. Determine b(-13).
14
Let l(x) = -x**3 + 9*x**2 - 2*x + 20. Determine l(9).
2
Let r(c) = -c**3 - 33*c**2 - c - 35. Give r(-33).
-2
Let f(h) = h**3 + h**2 - 7*h + 8. Give f(2).
6
Let f(w) = w - 4. What is f(15)?
11
Let j(y) = -y**3 - 7*y**2 + 18*y - 20. Determine j(-9).
-20
Let b(n) = -n**2 + 33*n - 207. Calculate b(25).
-7
Let x(v) = 11*v + 1. What is x(1)?
12
Let s(n) = -9*n**2 + 423*n + 7. Give s(47).
7
Let o(t) = -t - 1. Give o(6).
-7
Let b(v) = -5*v - 40. Determine b(-10).
10
Let x(y) = -y**3 + 31*y**2 + y - 66. Determine x(31).
-35
Let y(g) = 2*g - 63. Determine y(20).
-23
Let c(v) = v**3 + 8*v**2 + 23*v + 2. Give c(-6).
-64
Let q(h) = h**3 - 10*h**2 - 3*h + 146. Give q(8).
-6
Let p(t) = -3*t - 7. Determine p(-8).
17
Let k(w) = -w**3 + 6*w**2 - 9*w + 20. What is k(6)?
-34
Let c(x) = x**3 + 7*x**2 - 9*x + 3. Determine c(-8).
11
Let v(u) = -u**2 - 61*u - 120. Calculate v(-59).
-2
Let a(u) = 8*u + 20. What is a(-6)?
-28
Let m(l) = -l**3 - 13*l**2 - 23*l - 3. Calculate m(-2).
-1
Let g(x) = -x**3 - 4*x**2 + 7*x - 2. Give g(-6).
28
Let y(n) = -3*n**2 + 45*n + 5. Calculate y(14).
47
Let n(h) = -13*h + 596. What is n(46)?
-2
Let h(n) = n**2 + n - 15. Calculate h(-4).
-3
Let s(a) = -7*a**2 - a + 3. Calculate s(2).
-27
Let r(x) = x**3 + 3*x**2 + 2*x - 1. What is r(-1)?
-1
Let h(m) = -m**3 + 11*m**2 - 2*m + 31. What is h(11)?
9
Let s(y) = 2*y**2 - 68*y - 7. Give s(34).
-7
Let k(l) = l**3 - 7*l**2 - 19*l + 12. Calculate k(9).
3
Let m(k) = 8*k**3 + 3*k**2 + k - 4. Determine m(1).
8
Let n(q) = q**3 + 4*q**2 + 2*q + 1. Calculate n(-3).
4
Let b(c) = -c**2 + c + 8. What is b(0)?
8
Let j(a) = 23*a + 124. What is j(-10)?
-106
Let p(z) = 2*z**2 + 26*z - 25. Calculate p(-13).
-25
Let c(z) = z**2 - 4*z - 54. What is c(10)?
6
Let s(h) = -h**2 + h + 14. Give s(0).
14
Let h(w) = -w**2 - 18*w - 16. What is h(-13)?
49
Let l(x) = x - 23. Calculate l(12).
-11
Let i(s) = s**2 - s + 14. Determine i(0).
14
Let f(b) = -b**2 - 4*b + 21. Calculate f(-7).
0
Let x(b) = -27*b - 118. What is x(-4)?
-10
Let d(b) = -b**3 - 13*b**2 + b - 9. Calculate d(-13).
-22
Let o(n) = n**3 + 7*n**2 - 10*n - 13. What is o(-6)?
83
Let l(t) = -t**3 - 6*t**2 + 6*t - 3. Determine l(-7).
4
Let t(v) = -v**2 - 8*v + 37. What is t(-10)?
17
Let d(f) = f**2 + 2*f + 9. Calculate d(-4).
17
Let c(f) = -9*f + 68. Give c(8).
-4
Let x(o) = 5*o**2 - 6*o - 2. Give x(-4).
102
Let w(d) = d - 12. Calculate w(28).
16
Let x(o) = 2*o**2 + 42*o - 5. Calculate x(-21).
-5
Let s(z) = 2*z + 52. What is s(-24)?
4
Let f(l) = -73*l + 731. Give f(10).
1
Let n(r) = -3*r + 27. Determine n(7).
6
Let o(h) = -h**3 - 14*h**2 - 9*h + 4. Give o(-13).
-48
Let l(v) = -8*v**2 - 256*v - 8. What is l(-32)?
-8
Let d(k) = -k**2 - 11*k - 9. Give d(-8).
15
Let r(i) = -i**3 + 14*i**2 - 19*i - 14. Determine r(11).
140
Let c(a) = 19*a**2 + 50*a - 18. What is c(-3)?
3
Let l(b) = b**2 - 9*b + 12. Determine l(6).
-6
Let b(v) = -v**2 - 52*v - 151. What is b(-49)?
-4
Let d(c) = -4*c**2 - 7*c. Give d(-2).
-2
Let l(w) = -7*w + 69. Determine l(8).
13
Let n(w) = w**3 + 7*w**2 + 10*w - 8. What is n(-5)?
-8
Let x(c) = 10*c**2 + 12*c - 10. What is x(-2)?
6
Let a(o) = -o**3 + 10*o**2 - 2. Give a(10).
-2
Let t(u) = -u**2 + 17*u + 4. Determine t(10).
74
Let q(l) = -l**3 - 5*l**2 - 9*l - 12. Calculate q(-4).
8
Let r(v) = -4*v**3 - 2*v**2 + 3*v - 1. Determine r(1).
-4
Let p(d) = -27*d**2. Give p(1).
-27
Let k(p) = p**2 - 4*p - 5. Give k(6).
7
Let c(n) = 2*n - 33. Determine c(9).
-15
Let j(l) = l**3 + 9*l**2 + 7*l + 4. Give j(-8).
12
Let s(y) = -4*y**2 - 2*y + 1. What is s(-4)?
-55
Let i(t) = -4*t**2 - 14*t - 1. Calculate i(-4).
-9
Let j(l) = -l**3 - 8*l**2 + 9*l + 5. Give j(-9).
5
Let s(k) = k**3 - 10*k**2 - k - 8. What is s(7)?
-162
Let y(c) = -11*c + 146. What is y(14)?
-8
Let y(n) = -56*n + 44. What is y(1)?
-12
Let p(o) = -12*o + 3. Calculate p(2).
-21
Let g(r) = 3*r - 31. Give g(18).
23
Let q(s) = -2*s - 4. Calculate q(-2).
0
Let f(d) = -2*d**2 + 57*d + 43. Determine f(29).
14
Let b(y) = y. Calculate b(-1).
-1
Let d(r) = -8*r**2 + 3*r. What is d(2)?
-26
Let n(q) = -3*q - 33. What is n(-13)?
6
Let a(y) = 12*y + 46. Give a(-5).
-14
Let q(z) = 3*z**3 - z**2 - 5*z + 2. Determine q(3).
59
Let y(c) = c**2 - 4*c - 25. Calculate y(7).
-4
Let j(c) = -3*c**3 + c**2 + 9*c + 2. Calculate j(-2).
12
Let a(d) = 2*d - 24. Determine a(25).
26
Let i(f) = -7*f - 4. Determine i(-5).
31
Let u(i) = 9*i**2. Determine u(1).
9
Let b(q) = 23*q**2 - 3*q - 1. What is b(-1)?
25
Let b(s) = s - 3. Calculate b(6).
3
Let d(t) = -10*t + 13. Give d(2).
-7
Let g(n) = n**3 + 9*n**2 - 13*n - 20. Determine g(-10).
10
Let y(x) = x**2 - 8*x + 1. Determine y(6).
-11
Let c(q) = q**2 + 6*q - 31. Calculate c(-7).
-24
Let b(m) = -m**2 + 22*m + 6. Give b(21).
27
Let f(u) = -2*u + 6. What is f(6)?
-6
Let h(j) = 3*j**2 + 13*j - 49. Determine h(-7).
7
Let q(i) = -i**3 + 2*i + 70. Calculate q(0).
70
Let w(c) = -c**2 + 9*c + 72. Determine w(-7).
-40
Let y(b) = b**3 - 18*b**2 + 31*b + 33. Determine y(16).
17
Let f(m) = -m**3 - 5*m**2 - 3*m - 8. Calculate f(-5).
7
Let d(k) = -41*k + 1230. Determine d(30).
0
Let h(l) = l**2 - 10*l. Calculate h(8).
-16
Let m(t) = 4*t**3 - 3*t**2 + 4*t + 3. Determine m(-2).
-49
Let p(d) = d**3 - 7*d**2 + 6*d - 8. Calculate p(6).
-8
Let g(p) = -19*p - 335. Calculate g(-18).
7
Let s(a) = a - 2. Calculate s(8).
6
Let b(q) = 9*q + 12. Calculate b(4).
48
Let m(r) = -r**3 + 10*r**2 - 7*r - 20. Calculate m(7).
78
Let k(x) = 2*x**2 - x - 1. Determine k(-3).
20
Let t(o) = 8*o - 205. Give t(27).
11
Let q(p) = p**3 + 11*p**2 + 2*p + 11. Calculate q(-11).
-11
Let c(b) = 2*b + 4. What is c(0)?
4
Let m(d) = d**2 + 10*d + 11. Give m(-6).
-13
Let h(t) = 2*t**3 - 2*t**2 + t + 1. Determine h(-2).
-25
Let b(i) = -7*i - 96. Give b(-13).
-5
Let l(a) = 2*a + 40. Give l(-17).
6
Let m(c) = 5*c**2 + 57*c + 43. Give m(-11).
21
Let f(s) = -2*s**3 + 11*s**2 + 9*s - 14. Determine f(6).
4
Let k(u) = -u**3 + 14*u**2 + 2*u - 34. Calculate k(14).
-6
Let n(y) = 6*y**2 - 284*y + 90. Calculate n(47).
-4
Let a(f) = 2*f**2 + 19*f - 1. Determine a(-11).
32
Let g(b) = b + 7. Calculate g(-3).
4
Let t(u) = -u**2 + 7*u - 10. Determine t(3).
2
Let n(y) = 10*y + 6. Determine n(-1).
-4
Let i(n) = n - 218. Determine i(0).
-218
Let z(i) = 27*i**2 - 6*i - 6. Determine z(-1).
27
Let q(r) = -8*r - 147. Determine q(-18).
-3
Let s(d) = d**3 + d**2 + 2*d - 6. Determine s(0).
-6
Let y(h) = 5*h + 3. Determine y(-3).
-12
Let q(g) = -g. What is q(1)?
-1
Let c(r)